on factor of 32775 and 29279.
437
Calculate the greatest common divisor of 544469 and 159.
53
Calculate the greatest common factor of 7026 and 12.
6
What is the highest common factor of 265149 and 153?
153
What is the greatest common divisor of 474 and 2719338?
474
Calculate the highest common divisor of 459812 and 4448.
556
What is the greatest common factor of 4124 and 353633?
1031
What is the highest common divisor of 456 and 116616?
24
Calculate the greatest common divisor of 481822 and 1448.
362
Calculate the highest common divisor of 7803 and 2133.
27
What is the highest common divisor of 44 and 26774?
22
Calculate the highest common factor of 130 and 36634.
26
What is the highest common divisor of 189 and 46557?
63
What is the greatest common factor of 8169 and 13608?
21
What is the greatest common divisor of 2132424 and 224?
56
Calculate the highest common divisor of 1122 and 57664.
34
What is the highest common factor of 9396783 and 11?
11
Calculate the highest common factor of 9328 and 159.
53
Calculate the highest common factor of 83429 and 57.
19
Calculate the greatest common divisor of 1357 and 295.
59
What is the greatest common factor of 78 and 93327?
39
What is the highest common factor of 87117 and 426?
213
What is the highest common factor of 1171534 and 26?
26
What is the highest common divisor of 7408 and 608?
16
Calculate the greatest common factor of 36 and 705537.
9
What is the greatest common divisor of 98 and 950992?
98
What is the highest common factor of 140 and 60270?
70
What is the highest common factor of 1696 and 8533?
53
What is the greatest common divisor of 82 and 424473?
41
What is the highest common factor of 33 and 44913?
33
Calculate the highest common factor of 34865 and 247.
19
Calculate the greatest common divisor of 96858 and 4.
2
What is the highest common factor of 9339 and 7359?
33
Calculate the highest common factor of 390 and 2460.
30
What is the greatest common factor of 54129 and 33?
3
What is the greatest common divisor of 195 and 48373?
13
What is the greatest common factor of 25 and 482650?
25
What is the greatest common factor of 83157 and 2703?
159
Calculate the highest common divisor of 506 and 7406.
46
What is the greatest common divisor of 302 and 7550?
302
Calculate the greatest common divisor of 19737 and 516.
129
Calculate the greatest common factor of 146569 and 103.
103
Calculate the highest common factor of 22 and 5061221.
11
What is the highest common divisor of 12225 and 8850?
75
Calculate the greatest common factor of 155606 and 88.
22
What is the highest common divisor of 48269 and 632?
79
What is the highest common factor of 501912 and 144?
72
Calculate the greatest common divisor of 166 and 5635866.
166
What is the highest common divisor of 190 and 5605?
95
Calculate the highest common factor of 1712 and 50504.
856
What is the highest common factor of 81206 and 38?
38
What is the greatest common factor of 434 and 52700?
62
Calculate the greatest common factor of 24549 and 231.
21
Calculate the highest common factor of 140 and 405412.
28
What is the greatest common divisor of 122246 and 76?
38
Calculate the highest common divisor of 30687 and 795.
159
Calculate the highest common factor of 741568 and 192.
64
What is the highest common divisor of 43432 and 6497?
89
Calculate the highest common divisor of 30 and 10470.
30
Calculate the greatest common divisor of 3490 and 620.
10
Calculate the highest common factor of 183222 and 145.
29
Calculate the highest common factor of 238244 and 24.
4
Calculate the highest common factor of 5128 and 13.
1
Calculate the greatest common factor of 23898 and 120.
6
What is the highest common factor of 146797 and 134?
67
Calculate the greatest common divisor of 103202 and 3498.
22
Calculate the highest common factor of 3864 and 264408.
552
What is the highest common divisor of 60 and 34?
2
What is the highest common divisor of 33221 and 1251?
139
Calculate the greatest common divisor of 1177429 and 58.
29
What is the highest common divisor of 64 and 2272?
32
What is the highest common factor of 188 and 159800?
188
What is the highest common divisor of 4081 and 954?
53
Calculate the greatest common factor of 117449 and 11882.
457
What is the highest common factor of 259 and 1991969?
259
What is the highest common divisor of 4690 and 3370?
10
Calculate the highest common divisor of 14754 and 8.
2
Calculate the greatest common divisor of 6763 and 12.
1
What is the greatest common divisor of 193470 and 15?
15
Calculate the greatest common divisor of 7 and 37184.
7
What is the highest common factor of 51882 and 12?
6
Calculate the highest common divisor of 120 and 248424.
24
Calculate the greatest common factor of 3238296 and 17.
17
Calculate the highest common factor of 504 and 25893.
63
What is the greatest common divisor of 525252 and 2331?
777
What is the highest common factor of 5748 and 78?
6
What is the highest common divisor of 23412 and 444?
12
Calculate the highest common factor of 455 and 388934.
91
What is the greatest common divisor of 10817040 and 10?
10
What is the greatest common divisor of 30783 and 186?
93
What is the greatest common factor of 1352 and 32760?
104
What is the greatest common factor of 2035 and 11?
11
Calculate the highest common factor of 106697 and 1.
1
Calculate the greatest common factor of 5936 and 711472.
848
What is the greatest common factor of 277 and 65?
1
What is the highest common divisor of 44 and 5164?
4
Calculate the greatest common divisor of 84 and 3664164.
84
Calculate the greatest common factor of 219 and 477201.
219
Calculate the highest common factor of 11150 and 28550.
50
What is the highest common divisor of 3220 and 184828?
644
Calculate the greatest common factor of 315 and 18090.
45
Calculate the highest common factor of 1712 and 327527.
107
Calculate the highest common divisor of 5090 and 431632.
1018
What is the greatest common divisor of 368005 and 220?
55
Calculate the highest common divisor of 3762 and 528.
66
Calculate the highest common factor of 50430 and 30.
30
Calculate the highest common factor of 23 and 2461.
23
Calculate the greatest common factor of 116720 and 12.
4
What is the highest common divisor of 756 and 9162?
18
Calculate the greatest common factor of 15851 and 2299.
121
What is the greatest common divisor of 5850 and 53118?
234
Calculate the greatest common factor of 11 and 504515.
11
What is the highest common divisor of 1149728 and 3968?
992
Calculate the greatest common factor of 468 and 12714.
78
What is the greatest common divisor of 436803 and 3?
3
What is the highest common divisor of 14040 and 3250?
130
Calculate the highest common divisor of 2637150 and 750.
150
Calculate the greatest common factor of 106324 and 152.
76
What is the highest common factor of 20 and 668630?
10
What is the highest common factor of 4 and 1399652?
4
What is the greatest common factor of 1150460 and 3280?
820
What is the greatest common divisor of 19962 and 14706?
18
What is the greatest common divisor of 216 and 316856?
8
What is the highest common factor of 8667 and 214?
107
What is the highest common factor of 1413 and 9297?
9
Calculate the highest common factor of 342035 and 335.
335
What is the highest common divisor of 96 and 250896?
48
Calculate the greatest common divisor of 2877 and 3843.
21
What is the greatest common divisor of 70 and 222544?
14
Calculate the greatest common factor of 671892 and 2628.
876
Calculate the greatest common factor of 5272 and 44153.
659
Calculate the greatest common divisor of 32773 and 91.
13
What is the highest common divisor of 34 and 3680653?
17
What is the greatest common factor of 548684 and 687?
229
What is the greatest common divisor of 198 and 8982?
18
Calculate the highest common factor of 3770 and 336400.
290
What is the highest common divisor of 651 and 49755?
93
What is the highest common divisor of 954 and 4782?
6
What is the highest common divisor of 69972 and 408?
204
Calculate the greatest common divisor of 81 and 20583.
9
What is the greatest common factor of 189 and 1799217?
63
What is the greatest common divisor of 13 and 95017?
13
Calculate the highest common factor of 285800 and 550.
50
Calculate the greatest common fac